omposite?
False
Suppose -12*c + 2 = -11*c. Suppose g - c*f + 1 = -f, g + 4*f - 24 = 0. Suppose 2*z = 2*d + 120, 0*z + g*d = -z + 35. Is z a composite number?
True
Let p(z) be the first derivative of 15*z**3/2 + 23*z**2/2 + 31*z - 23. Let l(v) be the first derivative of p(v). Is l(6) a composite number?
False
Let w(b) = -119*b - 114. Let m(u) = 89*u + 86. Let q(y) = -11*m(y) - 8*w(y). Let t = -55 + 34. Is q(t) a prime number?
False
Let p = 770564 - 174385. Is p prime?
True
Let o = -982 - -1825. Suppose 5*h + 2*b = o, -340 = h - 3*h + 2*b. Is h/14*18 + 16/(-56) composite?
True
Let w = 350876 + -244965. Is w prime?
False
Suppose -31*n + 5200606 + 1720951 - 205686 = 0. Is n a composite number?
False
Suppose 3*m - 4147 = 19313. Let a = m + -4431. Is a composite?
False
Suppose 4*y - 625897 = q, -5*q - 26850 - 442594 = -3*y. Is y composite?
True
Let g be (-34)/(((-8)/(-12))/((-1)/3)). Suppose 4*a + g = -f, -2*a = 15 - 5. Suppose 1064 = -0*j + 5*j + 3*m, f*j - 630 = m. Is j a composite number?
False
Let t be 0/((-1)/(3/(-12))). Suppose 0 = -5*f - 20, -f + t*f - 8956 = -4*w. Suppose -3*l + w = 3*l. Is l prime?
True
Suppose -132278 = -5*w - 2*b + 6*b, -w + 26452 = b. Is ((-8)/(-6))/(4/w) composite?
True
Let a(r) = 3260*r - 3151. Is a(21) composite?
False
Let t(h) = 4*h**3 - 37*h**2 - 10*h - 12. Is t(35) composite?
False
Suppose 0 = 3*u + 4*l - 1149, -u = 4*u - 3*l - 1915. Is (u/(-2)*10)/(2/(-2)) a composite number?
True
Let o = -78 - -83. Suppose o*m + y - 6289 = 0, 8*m - 6293 = 3*m - 2*y. Is m prime?
False
Suppose 11 - 57 = -2*q. Suppose 2*r - q = -15. Is 10/85 + (-50380)/(-68) + r prime?
False
Suppose 5*y = 3*y + 2*p + 92, 0 = -5*y - 2*p + 202. Let z(u) = -6*u**2 + 5*u**3 - 30*u + 2 + 0*u**2 + y*u. Is z(7) a composite number?
True
Suppose 0 = -4*w + 3*l + 16, 77*l - 79*l = -3*w + 12. Suppose 4*f = 2*f + 512. Suppose -555 = -5*c + w*o, 3*c + o - 77 - f = 0. Is c prime?
False
Suppose 0 = -2*c - 3 + 1. Let b be (c/1 - (-3)/6)*-326. Let v = b - 69. Is v composite?
True
Let r(t) = 95 - 24*t + 2*t - 40*t + 5*t + 23*t**2. Is r(31) a prime number?
True
Let i be 496/50 + (-2)/(-25). Is 839/(((-45)/i)/(-9)) prime?
False
Suppose 0 = -n - 0*n + 5. Suppose -n*d = -12*d + 40453. Is d prime?
True
Let b = 535 + -532. Is (-16)/24 + (470/b - -2) composite?
True
Let x = -22425 - -32462. Is x prime?
True
Let g = -528 - -3314. Let l = 4633 - g. Is l a composite number?
False
Let v(x) = -7*x - 24. Let t be v(-4). Suppose 6 = t*b - b. Suppose -1574 = -0*w - b*w. Is w prime?
True
Let r be 153/68*(-8)/(-6) - 1. Suppose 5*q + 4*y - 6785 = 0, 7*q + y - 6800 = r*q. Is q prime?
True
Let u = -13926 - -35267. Is u prime?
True
Let b(v) = 4*v**2 - 100*v + 43. Is b(-26) composite?
False
Let y = 58 - 82. Let g = y - -32. Is (-1823)/(-2) + 12/g a composite number?
True
Suppose -68*o + j = -72*o - 12, 0 = 5*o + 4*j + 26. Let x(w) = -763*w - 89. Is x(o) prime?
False
Suppose -5*v - 424301 = -3*j, 1828*j = 1824*j - 3*v + 565754. Is j a prime number?
False
Suppose 23 + 7 = 10*d. Suppose -5*q - 5 = 0, -d*a + 4*q = -0*a - 475. Is a prime?
True
Let v(g) = 4054*g - 1205. Is v(33) a composite number?
True
Let m(z) = 34*z**2 - 13*z - 46. Let i(k) = -12*k**2 + k + 2. Let x be i(-1). Is m(x) composite?
False
Suppose 5*o + 25 - 10 = 0. Let g(y) be the second derivative of -11*y**5/10 + y**3/3 - y**2/2 + 16*y. Is g(o) prime?
True
Let c = -243 - -447. Is 2/(-12) + 254830/c a composite number?
False
Is (-6 - 462/(-110))/(3/10) - -2933 composite?
False
Let l = 1896690 + -1046861. Is l a composite number?
False
Let x = 12664 - 1691. Is x a composite number?
False
Let r(i) = 23*i - 65. Let u be r(3). Suppose 0 = 4*l - 2*n - 7182, -l - u*n + 3566 = l. Is l composite?
True
Suppose 72*i + 9 = 75*i. Is (36830 + 1)*i/9 a prime number?
True
Suppose -g - 2*u = 6, 4*u - 1 = -4*g + u. Is (g - (-4 - 10119)) + -4 a composite number?
True
Let n(j) = -12*j**3 + 8*j + 19. Suppose 2*y + 2*h + 4 = 0, -2*h = 4*y + h + 12. Is n(y) a prime number?
False
Let f be 30/7*(-28)/(-6). Let l be (-5)/f - (3 + 116/(-16)). Suppose 2*n = 4*u - 3*n - 1167, l*u - 1171 = n. Is u prime?
True
Let s be 4/24 - (-399645)/54. Suppose -2*i = -4*f + 29612, 0*i = f - i - s. Is f composite?
True
Let f(k) = 34*k**2 + 80*k - 57. Let t be f(27). Suppose y + 4*a + t = 6*y, 0 = 2*y + 4*a - 10778. Is y composite?
False
Let r = 178679 - 82356. Is r a prime number?
True
Suppose -s = 4*k - 4*s - 30, 5*s = 4*k - 26. Let i be (-72834)/k*(-1 + 13)/(-4). Suppose -j = -5*x - 3743 + i, 4*x + 4*j - 16404 = 0. Is x a prime number?
False
Suppose -36 = -5*b - 7*b. Suppose -y = y + 10, -y - 3764 = -b*a. Is a prime?
False
Suppose 8*l - 40 = -0. Suppose 4*c - 34 = -26, 3*s - 3037 = -l*c. Is s a composite number?
False
Suppose 21*c - 22*c = 2268. Let x = 6341 - c. Is x a prime number?
True
Is ((-48)/(-30))/(220/3562075) a composite number?
True
Suppose -15*x = -10*x - 10. Suppose x = 3*i - 4. Is i/(-4)*-2 + (2 - -328) a prime number?
True
Suppose -21*o - 30*o + 7*o + 13063996 = 0. Is o a composite number?
False
Let f = -117207 + 199808. Is f a composite number?
False
Let y be (-6)/9 + (-4)/9*-6. Suppose -y*h + 642 = 4*a, h + 4*a = 5*h - 1260. Is h a composite number?
False
Let q(b) = b. Let u be q(-14). Let j(t) = t**2 + 12*t - 25. Let y be j(u). Suppose 0*g + 2012 = 4*g + h, y*g + h = 1510. Is g prime?
False
Suppose 11*r = -5*r + 615509 + 488635. Is r a composite number?
True
Let j = -1864 - -3641. Let b = -680 + 685. Suppose -b*q + j = -453. Is q a prime number?
False
Let m(a) = -672*a - 19. Suppose 3*r = -5*t - 32, 24 = -2*r - 3*t - t. Is m(r) a prime number?
False
Suppose 25825 + 39605 = 5*w. Suppose -w = -106*o + 100*o. Is o a prime number?
False
Let m = 38995 + -14322. Is m a composite number?
True
Suppose 3*t - 116 = -7*f + 6*f, 0 = -4*t + 3*f + 133. Suppose -t*r = -50*r + 11687. Is r composite?
True
Let u(n) = 143*n**3 - n**2 - 2*n + 3. Let a(q) = 21*q + 10. Let c be a(3). Let w = c - 72. Is u(w) a prime number?
False
Suppose -311845 = -25*j + 3634180. Is j composite?
False
Let y(a) = -2559*a - 39. Let f be 1 + -2 - (-3)/(-3). Is y(f) a composite number?
True
Suppose 2*a - 3*c - 37 = 0, -3*a + 0*c + 63 = -3*c. Let g(b) = 290*b - 257. Is g(a) a composite number?
False
Let u = -62 + 84. Let v(f) = -1 + u*f**2 - 24*f**2 - 583*f**3 - 3*f + 0*f. Is v(-1) prime?
False
Suppose -6*u - 2879 + 45928 = -13297. Is u prime?
True
Suppose 0*g - t - 17 = -2*g, 2*t + 14 = 2*g. Suppose -k = -4*a - g - 0, -k + 10 = -a. Is (72536/k)/4 + (-3)/(-5) composite?
True
Let r be (1 - 0)*1 + -3. Let n = -4 + -8. Is (11 + n)*(2 + r + -34) composite?
True
Let b(s) = 27*s**2 + 155*s + 4243. Is b(-42) a composite number?
False
Suppose m = 138066 - 44087. Is m a prime number?
True
Is (2204/(-87) + 27)/(5/2657373) a prime number?
True
Let l(o) = 2*o**2 - 3*o + 2. Let t(n) = -n**2 - 3*n - 1. Let h be t(-5). Let a(i) = -i**2 + i - 1. Let g(r) = h*a(r) - 4*l(r). Is g(4) prime?
False
Let y be (6 - 2)*(8 + -7). Let b(u) = u**3 - 7*u**2 + 6*u + 3. Let m be b(6). Suppose m*i = -3*r + 351, i - y*r - 123 + 26 = 0. Is i a composite number?
False
Let n = 243 - 249. Let v(x) = 121*x**2 - 5*x + 5. Is v(n) composite?
False
Is (6/21*42/24)/(3/735474) composite?
False
Let n(s) = 284*s**2 + 26*s - 647. Is n(-32) prime?
False
Let n be (85/(-85))/(1/8). Let k(b) = 3*b**2 + 6*b - 9. Let y(z) = z**2 + z. Let p(r) = k(r) + 2*y(r). Is p(n) composite?
True
Is 5/(20/(-1))*-10*(-56536)/(-20) composite?
True
Suppose -2*q = -3*p - 24, -9 = 3*p - 12*q + 15*q. Is p + -634*(-10)/4 a prime number?
True
Let f(r) = -2*r**2 - 7*r + 4. Let l be f(2). Is 7365 - (-7 - l/6) a composite number?
False
Suppose 5*x = 23 + 2. Suppose -m - l + 611 = 0, -x*m = -l + 1498 - 4553. Is m prime?
False
Let r(u) be the second derivative of 25*u**4/4 - u**3/6 - 3*u. Let p be 45/27 - (-1)/3. Is r(p) a prime number?
False
Let y = 1225 - 870. Let h = y - 138. Is h prime?
False
Let m be 1/(-3)*34405 - (-18)/54. Let d = -5499 - m. Is d composite?
True
Let l = -86333 + 178314. Is l a prime number?
False
Let y be ((-2)/(-8) + 20/(-16))*-126. Let m = y + 377. Let l = m - -648. Is l a prime number?
True
Suppose 0 = -2*w + 5*l + 4, -3*w - l = l - 6. Let p be (-4 - 2)/(w + -3). Suppose r + 455 = p*r. Is r a prime number?
False
Suppose -19*l = -16*l - 9. Sup